 b*a**2 + 2 + 2*a + 0*a. Let g be 4*((-22)/(-4) - (-15)/(-3)). What is i(g)?
-18
Suppose -7 = -6*z + 5*z. Let o(d) = d**3 - 2*d + 6*d + 10 + z*d**2 - 12*d. Give o(-8).
10
Let l(d) = d**3 - 10*d**2 - 5. Let f(r) = r**3 - 2*r**2. Suppose -19*x - 13 = 25. Let s(c) = x*f(c) + l(c). Determine s(-6).
-5
Let q(i) = 29*i**3 - 2*i**2 + 10*i - 16. Let v(p) = -35*p**3 + 2*p**2 - 12*p + 18. Let s(m) = 6*q(m) + 5*v(m). Calculate s(-3).
3
Let r(g) = -g**2 + 6*g - 2. Let a be r(6). Let k(y) = 11697 - 55*y**2 + 29*y**2 + 24*y**2 - 11695. Determine k(a).
-6
Let p = -2183 + 2170. Let g(d) be the third derivative of d**4/24 + d**3/3 + 29*d**2. Give g(p).
-11
Let u be ((-136)/(-24) + -6)*(-9 + 0). Let s(z) = -13*z**2 + 10*z + 10. Let o(n) = -8*n**2 + 5*n + 6. Let x(g) = u*s(g) - 5*o(g). Let l = -3 + -1. Give x(l).
-4
Let h(y) = -7*y**2 - 3*y. Let r(q) = 4*q**2 + q. Suppose -15 = 2*t - w, t - 12*w + 11*w + 10 = 0. Let c(j) = t*r(j) - 3*h(j). Give c(-3).
-3
Let p(a) be the second derivative of -a**5/4 - 5*a**4/3 - a**3/6 + a**2/2 - 8*a - 59. Determine p(-4).
5
Let s(r) = 111*r**2 + 6*r + 3. Let h be s(-2). Let o(b) = 435 - 885 + h + b. Give o(9).
-6
Suppose 14*g - 179 = 15*g. Let t = g + 180. Let s(q) = 14*q**2 - 1. Determine s(t).
13
Let b(c) = c**3 + 2*c**3 - c - 2*c**3 + 11*c**2 - 5. Let u(z) = 3*z**3 - 847*z**2 + 275*z + 1963. Let s be u(282). Determine b(s).
6
Let f(v) = 2*v**2 - 7*v + 1. Suppose -4*h = -2*t + 26, 16 = h + 2*t + 2*t. Let k = h + 9. Suppose -k*b = -r - 4 + 19, -r - 5*b - 5 = 0. Determine f(r).
16
Let n(v) = -v + 11. Let p be n(6). Let r(h) = p + 3 + 5*h + 3*h**2 - h**3 - 2. Let b be (3 + (-7 - -5))*(7 - 2). What is r(b)?
-19
Let g = -39 + 39. Let h(t) = -2*t - 232*t**3 + t**2 + 3*t + 231*t**3 + 26 - 2*t**2. Determine h(g).
26
Let u(d) = -4*d**3 - 3*d - 5. Let x be u(-1). Let l(n) = 9*n**3 + 5*n**2 - 5*n. Calculate l(x).
82
Let k(o) = -5889*o**3 - 15*o - 34 + 2940*o**3 + 2950*o**3. Give k(-3).
-16
Let m be 11/(-33)*6*5/2 - -5. Let r(g) be the third derivative of 16*g**2 + 0*g**4 + 1/60*g**5 + 1/120*g**6 + m + 0*g + 1/6*g**3. Determine r(0).
1
Let i(b) = 2*b. Let h(c) = -15*c + 1. Let d(p) = -h(p) - 2*i(p). Let z be 3 - ((-16)/(-4) + 2). Let q be (-1)/(1*z/(-3)). Give d(q).
-12
Let z(c) = 10*c - 5*c + 2*c**2 - 3 + 7. Suppose w - 11 = -34. Let j = w + 20. Determine z(j).
7
Let h be (1/(-1))/((-30 + 7)/46). Let r(o) be the first derivative of -5/2*o**2 + 1/3*o**3 - 9 + h*o. What is r(4)?
-2
Let k(m) = m + 914 - 70 - 306 + 28*m. Calculate k(-18).
16
Let i(x) = -4*x**2 - x - 10. Let r(b) = -3*b**2 - 2*b - 8. Let p(j) = -2*i(j) + 3*r(j). What is p(3)?
-25
Let b(n) be the first derivative of -4*n**3/3 + 3*n**2/2 + n - 5313. Determine b(2).
-9
Let u(l) = l + l**3 + 5570*l**2 - 2783*l**2 - 2796*l**2 - 11. Let d be 8 - (0 - 1 - 0). Calculate u(d).
-2
Let g(u) = 180*u**2 - 21*u - 22. Let b(m) = 83*m**2 - 11*m - 12. Let x(n) = 13*b(n) - 6*g(n). What is x(-14)?
18
Suppose 3*c + f - 111 = 0, 2*c - 2*f - 15 - 51 = 0. Let s(d) = 20 + 12 - 4*d**2 + 7*d + 3*d**2 - c. Calculate s(4).
8
Let m(p) = p + 6. Let h be m(-6). Let c(t) = -t**3 - t**2 + 5*t + 4. Let x be c(-3). Let y(f) = 1 - f**2 - x*f + 4 + h*f - 9. Calculate y(-6).
2
Let t be 2/4 + (-40)/80. Suppose -17*c = -t*c - 136. Let o(b) = b - b - b**2 + 8*b + 1. Calculate o(c).
1
Let c(w) = -19*w - 8. Let l(k) = -31*k - 12. Let a(o) = -13*c(o) + 8*l(o). Calculate a(1).
7
Suppose -3*z - 4 = -b - 0, 4*b = -3*z - 14. Let t(j) = 10*j - 20. Let o(c) = 58*c - 120. Let x(q) = -o(q) + 6*t(q). Calculate x(z).
-4
Let s(m) = -m**3 + 3*m**2 + 3*m - 4. Let r be (-178)/9 - (-20)/(-90). Let j be 3 - (r*2)/(-4). Let n(o) = -o**3 - 7*o**2 + o + 10. Let t be n(j). What is s(t)?
5
Suppose 4*o - p + 1 = 0, 4*p - 12 = 4*o + 4. Let g(n) = 6*n**3 + 5*n**2 - 4*n - 3*n**2 + o + 0*n**2 - 5*n**3. Give g(-3).
4
Let c(j) be the third derivative of 0*j - 81*j**2 + 0 - 2/3*j**3 - 1/60*j**5 - 1/3*j**4. Determine c(-6).
8
Let y(k) be the second derivative of k**5/20 + k**4/6 + k**2/2 + 13418*k. Let i be (-3)/1*4/6. Determine y(i).
1
Let z(x) be the third derivative of -x**4/12 + x**3/6 - 1405*x**2. Calculate z(-3).
7
Suppose 12*b = 6*b - 12. Let f(r) = 9*r**2 - 3*r - 9. Let u(z) = -6*z**2 + z**2 + z + z**2 + 4. Let a(g) = -3*f(g) - 7*u(g). Give a(b).
-1
Let n(v) = v - 20. Let a(q) = q - 30. Let b(k) = -5*a(k) + 7*n(k). Let s(c) = -c - 9. Let h(m) = 2*b(m) + 3*s(m). Calculate h(3).
-4
Let q(u) = 63*u**3 - 3*u**2 - 4*u - 2. Let r = 17239 + -17240. What is q(r)?
-64
Let k(j) be the second derivative of 0*j**3 + 19*j + 6/5*j**5 + 1/6*j**4 - 1/2*j**2 + 1. Determine k(-1).
-23
Suppose 126*p - 153*p = -105 - 30. Let d(w) = w**3 - 3*w**2 - 11*w + 12. Give d(p).
7
Let u(m) be the second derivative of m**5/20 + m**4/2 - m**3 - 5*m**2/2 - 2702*m. What is u(-8)?
-85
Let h(u) = 39*u - 1. Suppose 1879*a - 1881*a = -2. Suppose 0 = -5*y - 2*l + 10 + 3, 5*y - l - a = 0. Give h(y).
38
Let v(q) = -156*q**2 - 20*q**3 - 23*q**3 - 17*q**3 + 157*q**2 + 48*q**3 + 5 - 3*q. Give v(2).
-93
Let c = -111 - -113. Let z be (-7)/(-14) - 13/c. Let r(d) = -4*d - 9. Give r(z).
15
Let d(g) be the first derivative of 1/4*g**4 - g - g**3 + 56 - 3/2*g**2. Give d(4).
3
Suppose 2*w - 34 = -2*a, -3*a = a + 5*w - 72. Suppose -3*b + 3*n = 3, b - a = -b - 3*n. Let h(l) = 6*l - 1 - 3 - l**b - 2. Calculate h(4).
2
Suppose 11*t = -129 + 173. Let j(s) = 0*s**2 + 2*s**2 - 5*s**2 + 6*s + s**2. Give j(t).
-8
Let d = 4252 + -4248. Let x(f) = 1 + 3*f**2 + f**3 + f**3 + 4*f - 3*f**3 - 6. Give x(d).
-5
Let x(a) be the first derivative of -a**4/4 + 7*a**3/3 - 3*a**2/2 - 4*a + 28972. Suppose -7*p + 2*p + 30 = 0. What is x(p)?
14
Suppose -161*b = 4*i - 164*b + 6, -2*b = -2*i - 6. Let n(j) = -j + 26. Give n(i).
23
Let r(x) = 97 + 4*x**2 - 33 - 23 + 18*x - 30 + 5. What is r(-3)?
-2
Let c(n) = 3*n - 9*n - 15*n + 3*n + 22 - 18*n. Calculate c(1).
-14
Let s be ((-360)/90)/(1/(-6)). Let f(w) = -w**2 + 23*w + 29. Determine f(s).
5
Let x be (-61 + (-1)/(-1))*((-176)/(-10) + -18). Let k(l) = -l**3 + 22*l**2 + 51*l - 56. Calculate k(x).
16
Let s(q) = -2*q**3 + 40*q**2 - 38*q + 15. Suppose 37*n - 1273 = -11*n - 19*n. Give s(n).
15
Let i = -1 + -1. Let w(u) = 31*u**2 - 2*u - 4. Let f(n) = 19*n**2 - n - 3. Let z(j) = -5*f(j) + 3*w(j). Give z(i).
-3
Let r(h) = -h**3 + 7*h**2 - 8*h - 4. Let g be r(2). Let a(d) = -2*d**2 + 26. What is a(g)?
26
Let k be (8/(-6))/((-11)/33). Suppose 0 = 4*t, -2*t = k*h - 0*t. Let r(n) = 47*n - 48*n - 8 + 4. Give r(h).
-4
Let f(v) = -v - 14. Let o be f(-20). Let q(z) = z**2 + 15*z - 5. Let t(n) = -3*n + 2. Let d(i) = -q(i) - 6*t(i). Give d(o).
-25
Let q(y) be the third derivative of 0*y + 1/6*y**4 + 289*y**2 + 1/120*y**6 - 1/10*y**5 + 0 - 1/3*y**3. Give q(5).
-7
Let t(g) be the first derivative of -g**4/6 + g**3/3 - g**2 + 15*g + 136. Let s(y) be the first derivative of t(y). Calculate s(3).
-14
Let x(z) = -46*z - 41. Let t(q) = 55*q + 39. Let w(b) = -4*t(b) - 5*x(b). Determine w(-8).
-31
Let i(z) = 17 - 11 - 3 - z**2 - 10 + 4. Give i(5).
-28
Let q be (-13 + 0)*(8 + 119/(-14))*-2. Let r(n) = -n**2 - 8*n + 60. Give r(q).
-5
Suppose 29*w + 324 = 15*w + 50*w. Let l(d) = 0*d**2 - 2*d**2 + d**2 + 7*d + 8. Give l(w).
-10
Let h = 802 - 824. Let p(c) = -c - 11. Determine p(h).
11
Let n(m) be the second derivative of -m**5/10 + 5*m**4/12 + 7*m**3/3 + 3*m**2/2 - 96*m. Let d be n(4). Let q(y) = -y + 9. Give q(d).
-2
Let p(v) be the second derivative of -v**5/20 + v**4 - 11*v**3/6 - 13*v**2/2 + 3000*v. Suppose 4*r + 2 - 46 = 0. What is p(r)?
-13
Let c(f) = -2*f**2 - 11*f - 5. Let l be (-9)/(54/(-21))*2*-1. What is c(l)?
-26
Let j(z) = -z**2 + 29*z - 147. Suppose 5*c - 188 + 75 = 2*d, 5*c - 118 = -3*d. Determine j(c).
-9
Let l(k) = -3 - 18*k**2 + 7*k**3 - 8*k + 85*k**2 - 24*k**2 - 26*k**2 - 21*k**2. Determine l(-2).
-59
Suppose -3*t = -122 + 35. Suppose -3*i - t = -5*b, b + 3*i = 4*b - 21. Let y(a) be the second derivative of -a**4/6 + a**3 - a**2 + a. Determine y(b).
-10
Let f(m) be the second derivative of m**4/12 + 10*m**3/3 + m**2 + m - 172. Give f(-17).
-49
Let x(a) = 10*a**2 - 1. Suppose 0 = 5*f - z + 5*z - 27, -5*f = 3*z - 24. Suppose -4*k + f*g - 99 = -0*g, 0 = -5*k - 4*g - 85. Let j = k + 20. Give x(j).
9
Let c(v) = v**3 - 5*v**2 - v + 5. Let t(g) = g**3 + 16*g**2 - 3*g - 28. Let a be t(